ate q(o).
-2
Let d(u) = -39*u + 4. Let q = 974 - 975. Give d(q).
43
Let y = 166 + -160. Let s(h) = -3*h**3 + 30*h**2 - 21*h - 22. Let d(n) = n**3 - 10*n**2 + 7*n + 7. Let q(u) = y*s(u) + 17*d(u). Determine q(9).
5
Let q(u) = u**3 - 13*u**2 - 27*u - 1. Let f(a) = -2*a**3 + 13*a**2 + 29*a + 1. Let t(c) = -2*f(c) - 3*q(c). Determine t(-11).
-10
Let z(o) = -5*o - 1. Let l be (3 - 3/(18/84))/1. What is z(l)?
54
Let z(u) = -u - 3. Let d(r) = -r**2 + r + 1. Let v be d(0). Let t(p) = 2. Let q(o) = v*z(o) + 4*t(o). Give q(7).
-2
Let q(n) = n**2 - 6*n + 6. Suppose 15 = -4*i - 9. Let z = -24 + i. Let v = -24 - z. What is q(v)?
6
Let p = -5965 + 5961. Let w be (-2)/3 + 40/15. Let k(c) = -w*c**2 - c**3 + 3*c + 1 + 0*c + 0*c + 2*c. What is k(p)?
13
Let k be (12/15)/(6/(-15)). Let q = -6 + k. Let z(a) = 5*a - 69*a**2 - 26 + 17 + 70*a**2 + 3*a. Give z(q).
-9
Let n(r) = -r + 70. Let f = -28643 + 28658. Calculate n(f).
55
Let n = 707 + -678. Let j be 3/(-5) + n/((-1015)/294). Let m(u) = -u**3 - 9*u**2 - 4*u - 7. Calculate m(j).
29
Let m(p) = p + 33. Let s(v) = -2*v - 53. Let x(h) = -4*m(h) - 3*s(h). Determine x(-11).
5
Let a(m) = -4*m - 23 - 9 - 3 + 3*m - 7. Give a(-41).
-1
Let z = -7528 - -11148. Let u(c) = 3620 + c - z. What is u(-5)?
-5
Let m(f) = -f - 7. Let p(z) = z**3 - 3*z**2 - 40*z - 4. Let t be p(8). Let x be -4*6/(-96) - (-29)/t. Give m(x).
0
Suppose 5*v - 9 - 16 = 0. Let g(i) be the third derivative of -i**5/20 + i**4/3 - i**3/2 + 1917*i**2 + 1. Determine g(v).
-38
Let x(d) = -2*d**2 - 3*d + 3. Let h = 7 + -12. Let w = h + -1. Let p be (w/(-8))/(1/(-4)). Give x(p).
-6
Let v(s) = -2*s**3 + 22*s**2 + 8*s - 107. Let x be v(11). Let j(c) = c**3 + 18*c**2 - 22*c - 25. Determine j(x).
32
Suppose 276*r - 2010 = -255 + 177. Let z(x) be the first derivative of x**3/3 - 7*x**2/2 - 4*x + 2. Calculate z(r).
-4
Suppose -4*y - 3*u - 4 = 0, 2*y - 17*u + 8 = -20*u. Let z(h) = 8*h**y + 9*h - 216 + h**3 + 106 + 117. Let f = 11 + -18. Give z(f).
-7
Let f(v) = -v - 5. Let d(j) = j + 12. Let l(i) = i**3 + 26*i**2 - i - 31. Let s be l(-26). Let o(w) = s*f(w) - 2*d(w). Give o(-2).
-5
Let b(q) = 2*q - 33. Let p(l) = -5*l + 247. Suppose 0 = 2*j - g - 90, 2*j - 4*j = -4*g - 84. Let d be p(j). What is b(d)?
1
Let o(t) = -33229*t**3 + 33228*t**3 - 2 - 7*t - 4*t**2 - 3*t**2. Calculate o(-5).
-17
Let v be -8*(90/(-20) - -4). Let l(g) be the third derivative of 0 - 5/6*g**3 - 1/8*g**4 + 0*g - v*g**2. Calculate l(-4).
7
Let o(s) be the second derivative of -s**4/12 + 5*s**3/2 - 11*s**2 - 11*s - 89. Calculate o(4).
22
Let v(z) = z**3 - 2*z**2 - z + 2. Suppose 0 = -7*a + 5*n + 6, 5*n = -2*a + 7*n. Determine v(a).
8
Let k = 30 - 381. Let f = -347 - k. Let g(z) = -4*z + 10. Calculate g(f).
-6
Let h(y) be the third derivative of -y**4/8 - 11*y**3/3 + 119*y**2. Let x be h(-6). Let i(v) = 2*v**3 + 7*v**2 - 5*v + 1. What is i(x)?
5
Let a be ((-52)/(-12) + -5)/((-1)/3). Suppose -4 = -o + y, -2 = -2*o - o - a*y. Let l(s) = -3*s**2 - 2*s + 3. Give l(o).
-13
Let s = -229 - -230. Let q(i) = -8*i - s + 6*i + 15 - 8. What is q(12)?
-18
Let p be (3735/(-25))/(-9) - (-2)/5. Let l(r) = 5*r**2 + 5*r - r**3 - p*r + 11*r - 97 + 95. Suppose 4*f = 5*g - 40, 5*f + 10 = -4*g + 1. What is l(g)?
10
Let f = -274 - -279. Suppose -f = -x - 0*u - 2*u, 5*x + 4*u = 1. Let g(j) = -j**2 - 5*j + 4. Give g(x).
10
Let s(d) = -19*d**2 + 8*d + 28. Let l(n) = 47*n**2 - 17*n - 58. Let t(b) = -2*l(b) - 5*s(b). Calculate t(7).
-17
Suppose -7*i - 31 + 45 = 0. Let a(s) = 9 - 5 - i*s - 3*s**2 + 3*s**2 + s**2. What is a(3)?
7
Let v(n) be the third derivative of 0*n**4 + 19/3*n**3 + 2*n**2 + 0 - 1/60*n**5 + 1/120*n**6 + n. What is v(0)?
38
Let k = -12 - -11. Let q(r) = -r - 2. Let b(m) = 23 - 14*m - 7 - 27. Let z(c) = -b(c) + 5*q(c). Calculate z(k).
-8
Let a(l) be the first derivative of 2*l**3/3 - 5*l**2/2 + 2*l + 2. Let g = -208 - -211. Suppose -g*q = 6 - 15. Give a(q).
5
Let u(n) = -n - 18. Suppose 19*r + 119 = 2*r. Let f be u(r). Let l(p) = p**2 + 10*p + 12. Give l(f).
23
Let b(u) = -u**2 + 4*u + 9. Let v be b(5). Suppose -v*w + 10 = -14. Let f(y) be the third derivative of -y**5/60 + y**4/12 + 7*y**3/6 + 73*y**2. Determine f(w).
-17
Let l(k) = 8*k**3 + 26 + 10*k**3 - 49 - k + 12*k**2 - 19*k**3 + 4*k. What is l(12)?
13
Let w(a) be the first derivative of -5*a**2/2 - 13*a + 489. Suppose 8 = u + 18. Give w(u).
37
Let j(r) = 7*r**2 - 1. Suppose 0*g - g - 1 = 0. Let f be j(g). Let d(n) be the first derivative of -n**4/4 + 2*n**3 - n**2/2 + 5*n - 1050. Give d(f).
-1
Let r(z) = 2*z**3 - 6*z**2 + 3*z - 13. Let u be r(3). Let b(x) = -24*x - 91. Let d be b(u). Let s(a) = 9*a - 2. Give s(d).
43
Let o(n) = -n**2 + 12*n + 6. Let u be o(10). Suppose -u = -x - 29. Let j be 1/((-13)/4 - x). Let g(q) = -2*q**2 + 5. What is g(j)?
-27
Let c(o) = o**2 - 7*o - 2. Let i = 32 - 20. Suppose 0 = -i*s + 3*s + 18. Suppose s*h + 27 - 37 = 0. Determine c(h).
-12
Let v(f) = -6*f - 5. Let r(k) = -k. Let w(i) = 4*r(i) - v(i). Suppose 8*u - 761 = 663. Let d = -172 + u. What is w(d)?
17
Let y(n) = 16 + 25 + n - 5 + 7*n + 48. Determine y(-10).
4
Suppose 5*v + 81 = 2*h - 660, 5*h - 162 = v. Let t be (-8406)/(-58) - 7 - 22/(-319). Let d = v + t. Let x(z) = -z**2 - 9*z + 5. Give x(d).
5
Let t(g) be the third derivative of g**4/6 + 76*g**3/3 - 269*g**2 - 10*g. Determine t(-33).
20
Let y(g) = -72*g - 2350. Let h be y(-33). Let l(z) = -z**3 + 27*z**2 - 28*z + 49. Give l(h).
-3
Let o(f) be the second derivative of f**4/12 - f**3 - 5*f**2 + 14*f. Let y be o(12). Let p(t) = y - 59 - 4*t**2 + 2*t**2 - t - t**3 + 6*t**2. Calculate p(4).
-1
Let z(g) = 11292 - 45*g**2 + 46*g**2 - 11285 + 3*g. Calculate z(-3).
7
Let z(n) be the third derivative of -n**6/40 + n**5/60 + n**4/8 + n**3/6 + 1222*n**2 + n. Give z(-1).
2
Let x = 334 + -328. Let g(h) = -4*h - 28. Let o(l) = -2*l - 15. Let u(t) = x*g(t) - 11*o(t). What is u(5)?
-13
Let i(n) = 5*n**3. Suppose 0 = 3*w - 4*w + p + 152, -162 = -w + 3*p. Let k = 148 - w. Determine i(k).
5
Let x(u) be the third derivative of 4/3*u**3 + 1/60*u**5 + 0*u + 13*u**2 - 11/24*u**4 + 0. Suppose 3*j - 2 = -4*t + 7, 2*j - 14 = -4*t. What is x(t)?
-22
Let i(w) = w**3 + 10*w**2 + 13*w + 15. Suppose 104*v = 113*v + 81. Calculate i(v).
-21
Let p be 70/25 + (-3)/(-15). Let q be 60/18 - p/9. Let l be 8/4 + (q - 6). Let g(m) = -27*m**2. Calculate g(l).
-27
Let l(t) = -t**2 + t + 15. Let v(z) = 10*z + 63. Let b be v(22). Let j = 283 - b. Give l(j).
15
Let w(j) = -j**2 - 7*j - 3. Let m(o) = 5*o**2 - 6*o + 72. Let a(x) = m(x) + 4*w(x). What is a(32)?
-4
Let c(g) = g**2 + 1. Let n(o) = -o**3 + 11*o**2 + 10*o + 23. Suppose 250*u - 192 = 234*u. Let l be n(u). Calculate c(l).
2
Suppose 5*i - 7*d + 5 = -2*d, 4*i - d - 11 = 0. Suppose -1 + i = h. Let u(y) = -y + 4. Let t(o) = -1. Let w(n) = t(n) + u(n). Give w(h).
0
Suppose 11*j + 120 = 4*g + 10*j, 45 = g - 4*j. Let f = -33 + g. Let u(n) = -n**3 - 5*n**2 - 4*n + 1. Calculate u(f).
1
Let a(k) = -4*k + 2 + 2*k**2 - 3*k**2 - 2*k**2 + 4*k**2. Let j be -4 + 15/4 + (-65)/(-4). Suppose -j*g = -21*g + 20. Calculate a(g).
2
Let t(s) = s**3 + 9*s**2 - 31*s + 57. Let m be t(-12). Let k(v) = 2*v**2 + 6*v - 2. What is k(m)?
-2
Let h(y) = 22*y**2 - 83*y + 43. Let n(w) = 14*w**2 - 54*w + 29. Let j(v) = -5*h(v) + 8*n(v). Give j(7).
-4
Let z(t) = 51*t + 13. Let b(x) = -2*x**2 + 162*x - 161. Let u be b(80). Give z(u).
-38
Suppose -4 = -4*i - 0. Let r(a) = -i + 3*a - 3*a - 3*a + 2*a. Suppose 0 = 3*o + 2*z + 416 - 397, -4*z = 3*o + 17. Determine r(o).
6
Let i(f) be the first derivative of f**4/4 + f**3/3 - f**2/2 + 15*f + 8076. What is i(0)?
15
Let w(d) = 1 + d + 3 - 5. Suppose 933*b - 936*b = 5043. Let f = 1685 + b. Calculate w(f).
3
Let b(d) be the second derivative of 3*d**5/20 + 5*d**4/6 - 2*d**3 - 11*d**2/2 - 5291*d. Give b(-4).
5
Let z(c) = -c**3 + 9*c**2 + 21*c - 25. Let o be ((-396)/27)/(70/10 - 50/6). Give z(o).
-36
Let o = 75 + -81. Let v(r) = -2*r - 10. Let w be v(o). Let y(t) = -t + w*t + 0*t - 5 + t. Give y(6).
7
Let q = 160 + -154. Suppose -q*l + 23 - 17 = 0. Let t(s) = -1 + 0 + 7*s**2 + 0. What is t(l)?
6
Let j(v) be the second derivative of -2*v**2 + 84 - 5/12*v**4 - v + 0*v**3. Calculate j(2).
-24
Let h(d) = -29*d - 5. Let k be h(1). Let v = k + 38. Let u(w) = 33*w - w**2 - 15*w - 13*w. Calculate u(v).
4
Let g(